4*v + 14 = 0. Calculate the greatest common factor of a and c.
3
Let b = 29 - 5. What is the greatest common factor of 72 and b?
24
Let l be (-286)/(-8) + (-2)/(-8). Suppose 5*v + 6 = l. What is the highest common divisor of v and 6?
6
Suppose -18 - 9 = -2*i + 3*g, 4*i - 5*g = 53. Calculate the greatest common factor of 3 and i.
3
Let h(g) be the second derivative of -g**4/12 + 19*g**3/6 - 11*g**2 - 7*g. Let v be h(17). Calculate the highest common factor of 48 and v.
12
Suppose 0 = o - 0 + 2, 2*o = -5*x + 81. Calculate the highest common divisor of 153 and x.
17
Let d be (4 + -2)/(1/28). Suppose 3*h + 3*h = 48. Calculate the greatest common factor of h and d.
8
Let j = 30 - 24. Let a be 0/(1 - 0) + 4. What is the greatest common divisor of a and j?
2
Let f(y) = -y**2 - 27*y + 10. Let m be f(-17). Calculate the highest common divisor of m and 72.
36
Suppose -3*t - 3 = p + 2*p, -5*p = 2*t + 2. Suppose p = l + 2*l - 24. Let y be (-2)/(-15) - (5212/(-60) + -1). What is the highest common divisor of y and l?
8
Suppose -z = -3, -4*z + 3*z = -2*t + 67. What is the greatest common factor of t and 7?
7
Suppose b - 6*b + 100 = 0. Suppose 5*n - b = -2*k, 3*n + 0*k - 1 = k. Let s = -1 + 3. Calculate the highest common divisor of s and n.
2
Let n be (-3 + 0)/(6/(-196)). Let w be (n/21)/(4/6). What is the highest common factor of w and 77?
7
Let h(z) = z**2 + 2*z - 7. Let f be h(-6). Calculate the highest common divisor of 187 and f.
17
Let j(t) = t**2 - 2*t + 5. Let i be j(4). Calculate the highest common divisor of i and 143.
13
Let k = 1 - -25. Let a be (k - (-1 + 0))/1. Suppose 4*h - 2*g = 42, 3*h - g - 12 = -6*g. Calculate the greatest common divisor of h and a.
9
Let x be 557/2 - 9/6. Suppose -5*n + 173 = -x. Calculate the highest common divisor of n and 10.
10
Let b = 12 - -1. Let y(n) = n**2 + 4*n - 13. Suppose -t - 3*i + 5*i = -15, 2*t - 5*i = 33. Let s be y(t). Calculate the highest common divisor of b and s.
13
Let b be 5 + 0 + -6 + 3. Suppose -5*t + 2*v = -2*v - 4, -3*v = b*t - 20. What is the highest common divisor of 10 and t?
2
Let n(i) = i - 1. Let q be n(10). Let f be 2/q - (-50)/18. Calculate the greatest common factor of f and 12.
3
Let r be (-12)/4*(3 - 13). What is the highest common factor of r and 12?
6
Let n(v) = -v**2 + 28*v + 60. Let b be n(28). Calculate the highest common divisor of b and 10.
10
Let i be 10/(-2)*30/(-5). Let n be (-4 + -3)*i/(-21). What is the highest common divisor of n and 40?
10
Suppose 38 = 4*m - 22. Let t(v) = 27*v + 3. Suppose -6 = -2*x + 6. Let y be t(x). What is the highest common factor of y and m?
15
Let p(x) = -x**3 - 8*x**2 - 2*x. Let y be p(-7). Let h = 55 + y. What is the greatest common divisor of h and 140?
20
Suppose 2*s - 29 = -y - 5, 3*s + 2*y - 34 = 0. What is the highest common factor of 266 and s?
14
Let c = 3 - 0. Calculate the greatest common factor of 15 and c.
3
Let a(r) be the first derivative of -2 + 10/3*r**3 + 4*r**2 + 1/4*r**4 - r. Let l be a(-9). What is the highest common divisor of 32 and l?
8
Suppose 2*y - 4*y + 2*v - 2 = 0, -v = 3*y - 9. Suppose y*g = 3*g - 2. What is the highest common factor of 18 and g?
2
Let j(q) = 4*q**2. Let z be j(-2). Calculate the greatest common divisor of 176 and z.
16
Let b = -3 - -9. Calculate the highest common factor of b and 60.
6
Let q = 8 + 11. Calculate the greatest common divisor of 38 and q.
19
Suppose j - 40 - 2 = -5*h, -3*h + 210 = 5*j. Let u be -35*(27/(-15) + 0). Calculate the highest common factor of j and u.
21
Suppose 2*o = o + 4*j - 28, -3*j = -4*o - 99. Let d = o - -40. What is the greatest common factor of 16 and d?
16
Suppose -2*q + 4 + 0 = 0. Calculate the highest common factor of 22 and q.
2
Suppose -40*s + 42*s - 14 = 0. What is the greatest common divisor of s and 21?
7
Suppose 3*r - 5*q - 6 = 0, 5*r - q = 9 + 1. Suppose 4*n - 12 = r*n. Suppose -w + 24 = n. Calculate the highest common divisor of w and 27.
9
Let x = 12 - -3. Suppose -54 + 14 = -5*s. Suppose m = 4*f + 10, -f + s = 3. Calculate the highest common factor of m and x.
15
Let q be (-1 - (3 + -2))/(-6 - -5). What is the greatest common factor of 5 and q?
1
Let r be (7 + 0 - -3)*3. Calculate the highest common factor of r and 75.
15
Suppose 10 = -4*v - 42. Let c = 26 + v. What is the greatest common factor of 117 and c?
13
Let o = -16 + 60. Let h = o - 10. What is the highest common divisor of 51 and h?
17
Suppose 2*w + 0*w - 16 = -t, -w + t = -2. Suppose 0 = -o + w. What is the highest common factor of o and 6?
6
Let a = -48 + 60. Let j(g) = -59*g**3 + 2*g**2 - 1. Let m(r) = -r. Let x be m(1). Let o be j(x). Calculate the greatest common divisor of o and a.
12
Let x = 13 + -8. Let i = 87 + -37. Calculate the highest common factor of i and x.
5
Suppose 2*p - 1 = -2*d + 9, -5*d = 2*p - 19. What is the greatest common divisor of p and 2?
2
Let q = 9 + -4. Suppose 0 = 3*i - 2*i - 4. Suppose -6*k + 3*k + 12 = 0, q*m - 566 = -i*k. Calculate the highest common factor of 10 and m.
10
Let h = -202 - -244. Let s = 9 - 2. What is the highest common divisor of s and h?
7
Suppose 0 = 2*u - s + 5, -u - 3*s + 3 = -3*u. Let y be 0 + (-24 + 0)/u. Calculate the highest common divisor of y and 8.
8
Let p be 661/13 + 52/338. Calculate the greatest common factor of p and 17.
17
Suppose 0 = j + 2 - 16. Calculate the highest common factor of 56 and j.
14
Suppose -5*p - 9 = -34. Let f = -83 - -128. Suppose 0 = 5*y - 2*x - 31 - p, -5*y + 5*x = -f. Calculate the greatest common divisor of y and 66.
6
Let d be (56/(-12))/(4/(-6)). Let z(v) = -v**2 + 9*v - 3. Let i be z(d). Let f = -22 - -110. Calculate the highest common divisor of i and f.
11
Let j be 9/(-18) - (-2)/4. Suppose j = 5*p - 0*p - 100. Let y be 324/p + 1/(-5). What is the greatest common divisor of 40 and y?
8
Let s = 27 - 25. Let a be (9 + 4)*(s - -2). What is the greatest common divisor of 13 and a?
13
Let p(s) = -s**2 + 7*s - 3. Let c be p(3). What is the highest common divisor of 81 and c?
9
Suppose -5*d = y - 19, 5*d + 2*y - 12 = 6. Let h be (4 + -1)/(2/d). Calculate the highest common factor of 66 and h.
6
Suppose -7*f - 112 = -9*f. Calculate the highest common divisor of 7 and f.
7
Let r(i) = 5*i**2 + i + 1. Let j = -1 + 0. Let z be r(j). Let p be (6 + 9)/(0 + 1). What is the highest common factor of p and z?
5
Let b be 4 - 6/(-1 - 2). Suppose 0 = -9*l + 11*l - b. What is the highest common factor of l and 27?
3
Suppose 5*o - 53 = -3*v + 4*v, -4*o - 5*v + 54 = 0. Calculate the greatest common divisor of 1 and o.
1
Suppose -7*l = -4*l - 6. Let v be (-2)/(-8) + (-156)/(-16). Calculate the highest common divisor of v and l.
2
Let q = -22 + 38. Let s(d) = -2 - 3*d - 2*d**2 + 2*d**2 - 5*d**2 + d**3. Let h be s(6). What is the greatest common factor of h and q?
16
Let h = -28 - -41. Let y(q) = q - 4 - 12*q + 1. Let o be y(-5). Calculate the greatest common divisor of o and h.
13
Suppose 5*b - 2*x - 16 = 0, x + 13 = 5*b - 0*b. Let n be (-5 + 7)/(4/b). Calculate the highest common factor of 8 and n.
1
Let a be (9 - -6) + (-2 - 0). Calculate the highest common divisor of 52 and a.
13
Let y(g) = 10*g + 7*g + 0*g. Let f(o) = o**3 - 3*o**2 - 4*o + 3. Let x be f(4). Let t be y(x). Calculate the highest common factor of 34 and t.
17
Suppose 2*r - 3*o + 4*o - 10 = 0, 0 = 4*o + 16. Calculate the highest common factor of 28 and r.
7
Let z be 48 - 4/((-4)/(-3)). Calculate the greatest common divisor of 15 and z.
15
Let g(s) = -7*s - 6. Let n be g(-6). What is the greatest common factor of n and 4?
4
Let x be 5 + (-48)/6 + 6*2. Calculate the highest common factor of x and 72.
9
Let s be 9/54 - 262/(-12). Suppose 2*t - 10 = 0, -4*z + s = -2*t + 4. Calculate the highest common factor of 63 and z.
7
Suppose 0 = 3*m - 4 + 13, -2*s + m + 43 = 0. What is the greatest common factor of s and 5?
5
Let x = -34 + 24. Let m be (24/x)/(8/(-260)). Calculate the highest common factor of m and 13.
13
Suppose q - 5*q = 2*p - 96, -170 = -4*p + 3*q. What is the highest common divisor of p and 11?
11
Let d be ((-280)/(-100))/(2/160). Calculate the greatest common factor of 32 and d.
32
Let l(f) = f**2 - 8*f - 7. Suppose -1 = -o + 2. Suppose v + 3 + o = 0. Let a be l(v). Calculate the greatest common factor of a and 7.
7
Let q = -250 - -754. Suppose -2*j +